alculate the remainder when 190199 is divided by 499.
80
What is the remainder when 501662 is divided by 165?
62
What is the remainder when 35254819 is divided by 3?
1
What is the remainder when 2595440 is divided by 6709?
5766
Calculate the remainder when 3655108 is divided by 146.
144
What is the remainder when 29654997 is divided by 2500?
2497
What is the remainder when 14883304 is divided by 3623?
20
What is the remainder when 132721 is divided by 6342?
5881
Calculate the remainder when 2749934 is divided by 1253.
852
What is the remainder when 15538605 is divided by 16?
13
What is the remainder when 1003882 is divided by 307?
299
Calculate the remainder when 5199229 is divided by 31133.
18
What is the remainder when 15261326 is divided by 5?
1
Calculate the remainder when 43429 is divided by 567.
337
What is the remainder when 7099093 is divided by 620?
93
Calculate the remainder when 4247097 is divided by 5192.
41
What is the remainder when 1549930 is divided by 309425?
2805
Calculate the remainder when 28990651 is divided by 362383.
11
Calculate the remainder when 3191011 is divided by 2098.
2051
Calculate the remainder when 351573725 is divided by 2168.
5
Calculate the remainder when 55485257 is divided by 69.
11
Calculate the remainder when 21177659 is divided by 453.
362
Calculate the remainder when 29503920 is divided by 145.
45
Calculate the remainder when 22953 is divided by 3454.
2229
Calculate the remainder when 1516801 is divided by 56.
41
What is the remainder when 29289 is divided by 513?
48
What is the remainder when 196462096 is divided by 403?
402
What is the remainder when 25886388 is divided by 622?
614
Calculate the remainder when 12865145 is divided by 219.
209
What is the remainder when 15215 is divided by 2161?
88
What is the remainder when 1996917 is divided by 1099?
34
Calculate the remainder when 351810 is divided by 4761.
4257
What is the remainder when 2805241 is divided by 1468?
1361
Calculate the remainder when 3023797 is divided by 245.
7
Calculate the remainder when 3721856 is divided by 219.
170
What is the remainder when 6455955 is divided by 1291190?
5
What is the remainder when 217447 is divided by 112?
55
What is the remainder when 242011222 is divided by 364?
362
Calculate the remainder when 4593751 is divided by 11484.
151
Calculate the remainder when 5090810 is divided by 70.
60
Calculate the remainder when 231468 is divided by 84.
48
Calculate the remainder when 167909527 is divided by 8132.
8123
Calculate the remainder when 249976 is divided by 4901.
25
What is the remainder when 779751 is divided by 221?
63
What is the remainder when 4002326 is divided by 244?
238
Calculate the remainder when 3175489 is divided by 41.
39
Calculate the remainder when 211179 is divided by 23361.
930
What is the remainder when 24118237 is divided by 544?
541
Calculate the remainder when 23508247 is divided by 27.
22
What is the remainder when 49207705 is divided by 7170?
7165
What is the remainder when 317467 is divided by 180?
127
Calculate the remainder when 20340666 is divided by 184.
18
What is the remainder when 1507079 is divided by 215247?
350
What is the remainder when 765554 is divided by 317?
316
What is the remainder when 293726535 is divided by 23?
21
What is the remainder when 16202640 is divided by 2314657?
41
What is the remainder when 259121 is divided by 64738?
169
Calculate the remainder when 23878595 is divided by 59.
56
What is the remainder when 262668 is divided by 398?
386
What is the remainder when 301552024 is divided by 150776012?
0
What is the remainder when 45228 is divided by 14259?
2451
Calculate the remainder when 19282 is divided by 1315.
872
Calculate the remainder when 32823777 is divided by 5332.
5317
What is the remainder when 273801 is divided by 3806?
3575
Calculate the remainder when 64045 is divided by 63708.
337
Calculate the remainder when 36390 is divided by 1397.
68
Calculate the remainder when 155448560 is divided by 19431070.
0
Calculate the remainder when 349079 is divided by 2979.
536
Calculate the remainder when 4610053 is divided by 596.
589
Calculate the remainder when 57468708 is divided by 57354.
0
Calculate the remainder when 2152034 is divided by 926.
10
Calculate the remainder when 5999907 is divided by 314.
309
What is the remainder when 1300474 is divided by 5938?
52
Calculate the remainder when 67653130 is divided by 99.
94
Calculate the remainder when 652308 is divided by 139.
120
What is the remainder when 9200760 is divided by 5493?
5478
Calculate the remainder when 1255138 is divided by 416514.
5596
What is the remainder when 53680 is divided by 6555?
1240
What is the remainder when 3583453 is divided by 895858?
21
Calculate the remainder when 6033799 is divided by 50.
49
Calculate the remainder when 470240 is divided by 235117.
6
What is the remainder when 2004937 is divided by 29055?
142
What is the remainder when 223089503 is divided by 3618?
5
What is the remainder when 66026 is divided by 4487?
3208
What is the remainder when 9855 is divided by 164?
15
Calculate the remainder when 55977 is divided by 4335.
3957
What is the remainder when 6814 is divided by 3894?
2920
What is the remainder when 14766 is divided by 3781?
3423
Calculate the remainder when 6441031 is divided by 95.
31
What is the remainder when 3226616 is divided by 1613303?
10
What is the remainder when 288664 is divided by 195?
64
What is the remainder when 1301498 is divided by 6572?
242
What is the remainder when 974395 is divided by 2187?
1180
Calculate the remainder when 15194 is divided by 3280.
2074
Calculate the remainder when 117447 is divided by 113503.
3944
Calculate the remainder when 6468948 is divided by 166.
94
Calculate the remainder when 477984 is divided by 238514.
956
What is the remainder when 979610 is divided by 74?
72
Calculate the remainder when 1458597 is divided by 307.
40
What is the remainder when 13556659 is divided by 10?
9
What is the remainder when 873969 is divided by 103?
14
Calculate the remainder when 16869 is divided by 5611.
36
What is the remainder when 652648 is divided by 217346?
610
What is the remainder when 5262796 is divided by 478416?
220
What is the remainder when 127141 is divided by 25413?
76
What is the remainder when 1426210 is divided by 5615?
0
Calculate the remainder when 33039773 is divided by 2438.
2435
What is the remainder when 2173632 is divided by 724541?
9
What is the remainder when 381405 is divided by 190476?
453
Calculate the remainder when 25090 is divided by 12086.
918
Calculate the remainder when 87114 is divided by 10832.
458
What is the remainder when 5827 is divided by 2499?
829
What is the remainder when 89114 is divided by 2637?
2093
What is the remainder when 72413324 is divided by 1239?
1208
Calculate the remainder when 658464 is divided by 658444.
20
What is the remainder when 1862905 is divided by 1862889?
16
Calculate the remainder when 3363058607 is divided by 876.
875
What is the remainder when 25795466 is divided by 676?
658
What is the remainder when 2988216 is divided by 442?
296
What is the remainder when 528184 is divided by 2286?
118
What is the remainder when 27943843 is divided by 735363?
49
Calculate the remainder when 1434 is divided by 186.
132
Calculate the remainder when 985514 is divided by 576.
554
Calculate the remainder when 24279419 is divided by 19300.
19
Calculate the remainder when 19620131 is divided by 261.
239
Calculate the remainder when 473212 is divided by 8018.
150
Calculate the remainder when 1010329 is divided by 56.
33
Calculate the remainder when 2378752 is divided by 1202.
1196
What is the remainder when 11031348 is divided by 39?
3
What is the remainder when 42454524 is divided by 1088577?
21
What is the remainder when 45250916 is divided by 286?
282
What is the remainder when 555575 is divided by 138865?
115
Calculate the remainder when 102688 is divided by 604.
8
Calculate the remainder when 5746027 is divided by 1915278.
193
Calculate the remainder when 336937 is divided by 22462.
7
Calculate the remainder when 295852 is divided by 264.
172
Calculate the remainder when 114823 is divided by 4672.
2695
Calculate the remainder when 14284887 is divided by 119.
8
Calculate